{"id":117,"date":"2021-12-06T17:54:33","date_gmt":"2021-12-06T16:54:33","guid":{"rendered":"https:\/\/helenagines.com\/?page_id=117"},"modified":"2021-12-07T23:31:21","modified_gmt":"2021-12-07T22:31:21","slug":"violoncel","status":"publish","type":"page","link":"https:\/\/helenagines.com\/index.php\/violoncel\/","title":{"rendered":"Violoncel"},"content":{"rendered":"\n<p>Beethoven, L. van <em>Sonata n\u00fam. 1 en fa major, op.<\/em> 5 n\u00fam. 1<\/p>\n\n\n\n<p>Beethoven, L. van <em>Sonata n\u00fam. 2 en sol menor, op.<\/em> 5 n\u00fam. 2<\/p>\n\n\n\n<p>Beethoven, L. van <em>Sonata n\u00fam. 3 en la major, op.<\/em> 69<\/p>\n\n\n\n<p>Beethoven, L. van <em>Sonata n\u00fam. 4 en do major, op.<\/em> 102<\/p>\n\n\n\n<p>Beethoven, L. van <em>Variacions en mi b major sobre<\/em> \u00abLa Flauta M\u00e0gica\u00bb, WoO 46<\/p>\n\n\n\n<p>Beethoven, L. van <em>Variacions en sol major sobre un tema de H\u00e4ndel<\/em>, WoO 45<\/p>\n\n\n\n<p>Bloch, E. <em>Prayer<\/em><\/p>\n\n\n\n<p>Boccherini, L. <em>Concert n\u00fam. 3 en sol major, <\/em>G 480 n\u00fam. 7<\/p>\n\n\n\n<p>Boccherini, L. <em>Rondo en do major<\/em><\/p>\n\n\n\n<p>Boccherini, L. <em>Sonata en do major<\/em>, JG 7<\/p>\n\n\n\n<p>Boccherini, L. <em>Sonata en la major<\/em><\/p>\n\n\n\n<p>Boccherini, L. <em>Sonata en si b major<\/em><\/p>\n\n\n\n<p>Boccherini, L. <em>Sonata n\u00fam. 2 <\/em><em>en <\/em><em>do major<\/em><\/p>\n\n\n\n<p>Boccherini, L. <em>Sonata n\u00fam. 3 en sol major<\/em><\/p>\n\n\n\n<p>Bo\u00ebllmann, L. <em>Variacions simf\u00f2niques, op.<\/em> 23<\/p>\n\n\n\n<p>Brahms, J. <em>Sonata n\u00fam. 1 en mi menor, op.<\/em> 38<\/p>\n\n\n\n<p>Br\u00e9val, J. B. Concerts diversos<\/p>\n\n\n\n<p>Bruch, M. <em>Quatre<\/em><em> peces op. <\/em>70<\/p>\n\n\n\n<p>Bruch, M. <em>Kol Nidrei, op.<\/em> 47<\/p>\n\n\n\n<p>Cassad\u00f3, G. Obres diverses<\/p>\n\n\n\n<p>Couperin, F. <em>Pi\u00e8ces en concert<\/em><\/p>\n\n\n\n<p>Davidov, K. <em>Allegro de concert op.<\/em> 11<\/p>\n\n\n\n<p>de Falla, M. <em>Dansa ritual del foc<\/em> (El amor brujo)<\/p>\n\n\n\n<p>de Falla, M. <em>Suite Popular espa\u00f1ola<\/em> (El pa\u00f1o moruno, Nana, Jota)<\/p>\n\n\n\n<p>Debussy, C. <em>Sonata<\/em><\/p>\n\n\n\n<p>Dvorak, A. <em>Rondo en sol menor, op.<\/em> 94<\/p>\n\n\n\n<p>Elgar, E. <em>Concert en mi menor, op.<\/em> 85<\/p>\n\n\n\n<p>Faisst, C. Melodia op. 5<\/p>\n\n\n\n<p>Faur\u00e9, G. Obres diverses<\/p>\n\n\n\n<p>Francoeur, F. <em>Sonata en mi major<\/em><\/p>\n\n\n\n<p>Glasunov, A. <em>Chant du m\u00e9nestrel, op.<\/em> 71<\/p>\n\n\n\n<p>Goens, D. <em>Scherzo en re major, op.<\/em> 12<\/p>\n\n\n\n<p>Goens, D. <em>Tarantelle, op.<\/em> 24<\/p>\n\n\n\n<p>Goltermann, G. Concerts i obres diverses<\/p>\n\n\n\n<p>Granados, E. <em>Madrigal<\/em><\/p>\n\n\n\n<p>H\u00e4ndel G. F. Sonates diverses<\/p>\n\n\n\n<p>Haydn, F. J. <em>Concert en do major<\/em>, Hob. VIIb\/1<\/p>\n\n\n\n<p>Haydn, F. J. <em>Concert en re major<\/em>, Hob. VIIb\/2<\/p>\n\n\n\n<p>Heller, B. <em>Lalai<\/em><\/p>\n\n\n\n<p>Kabalewski, D. <em>Concert n\u00fam. 1 en sol menor, op.<\/em> 49<\/p>\n\n\n\n<p>Klengel, J. Concerts diversos<\/p>\n\n\n\n<p>Lalo, E. <em>Concert en re menor<\/em><\/p>\n\n\n\n<p>Lamote de Grignon, R. <em>Impromptu<\/em><\/p>\n\n\n\n<p>Marais, M. <em>La Folia<\/em><\/p>\n\n\n\n<p>Marcello, B. Sonates diverses<\/p>\n\n\n\n<p>Martinu, B. <em>Variacions sobre un tema eslovac<\/em><\/p>\n\n\n\n<p>Mendelssohn, F. <em>Sonata en re major, op.<\/em> 58<\/p>\n\n\n\n<p>Mendelssohn, F. <em>Variacions en re major, op.<\/em> 17<\/p>\n\n\n\n<p>Mompou, F. <em>El pont<\/em><\/p>\n\n\n\n<p>Monn, G. M. <em>Concert en sol menor<\/em><\/p>\n\n\n\n<p>Nolck, A. <em>Concert Mazurka, op.<\/em> 86<\/p>\n\n\n\n<p>Paganini, N. <em>Variacions en una corda sobre un tema de Rossini<\/em><\/p>\n\n\n\n<p>Popper, D. Obres diverses<\/p>\n\n\n\n<p>Rachmaninov, S. <em>Vocalise, op. <\/em>34 n\u00fam. 14<\/p>\n\n\n\n<p>Saint-Sa\u00ebns, C. <em>Allegro appassionato, op.<\/em> 43<\/p>\n\n\n\n<p>Saint-Sa\u00ebns, C. <em>Concert n\u00fam. 1 en la menor, op.<\/em> 33<\/p>\n\n\n\n<p>Sammartini, G. B. <em>Sonata en sol major<\/em><\/p>\n\n\n\n<p>Schumann, R. <em>Adagio i Allegro, op.<\/em> 70<\/p>\n\n\n\n<p>Schumann, R. <em>Cinc peces d&#8217;estil popular, op.<\/em> 102<\/p>\n\n\n\n<p>Schumann, R. <em>Fantasiest\u00fccke, op.<\/em> 73<\/p>\n\n\n\n<p>Serrallonga, P. <em>Probervi II<\/em><\/p>\n\n\n\n<p>Servais, A. F. <em>Morceau de concert op.<\/em> 14<\/p>\n\n\n\n<p>Stamitz, C. <em>Concert en do major<\/em><\/p>\n\n\n\n<p>Stamitz, C. <em>Concert en sol major<\/em><\/p>\n\n\n\n<p>Stravinski, I. <em>Suite italiana<\/em> (tres moviments)<\/p>\n\n\n\n<p>Txaikovski, P. I. <em>Nocturn en re menor, op.<\/em> 19 n\u00fam. 4<\/p>\n\n\n\n<p>Txaikovski, P. I. <em>Pezzo Capriccioso, op. <\/em>62<\/p>\n\n\n\n<p>Txaikovski, P. I. <em>Variacions Rococ\u00f3, op.<\/em> 33<\/p>\n\n\n\n<p>Vivaldi, A. Sis Sonates<\/p>\n\n\n\n<p>Xostakovitx, D. <em>Sonata en re menor, op.<\/em> 40<\/p>\n","protected":false},"excerpt":{"rendered":"<div class=\"slide-text-bg2\"><span>Beethoven, L. van Sonata n\u00fam. 1 en fa major, op. 5 n\u00fam. 1 Beethoven, L. van Sonata n\u00fam. 2 en sol menor, op. 5 n\u00fam. 2 Beethoven, L. van Sonata n\u00fam. 3 e<\/span><\/div>\n<div class=\"slide-btn-area-sm\"><a href=\"https:\/\/helenagines.com\/index.php\/violoncel\/\" class=\"slide-btn-sm\">Llegiu m\u00e9s<\/a><\/div>\n","protected":false},"author":1,"featured_media":0,"parent":0,"menu_order":0,"comment_status":"closed","ping_status":"closed","template":"","meta":{"footnotes":""},"class_list":["post-117","page","type-page","status-publish","hentry"],"yoast_head":"<!-- This site is optimized with the Yoast SEO plugin v24.3 - https:\/\/yoast.com\/wordpress\/plugins\/seo\/ -->\n<title>Violoncel - Helena Gin\u00e8s i Bataller<\/title>\n<meta name=\"robots\" content=\"index, follow, max-snippet:-1, max-image-preview:large, max-video-preview:-1\" \/>\n<link rel=\"canonical\" href=\"https:\/\/helenagines.com\/index.php\/violoncel\/\" \/>\n<meta property=\"og:locale\" content=\"ca_ES\" \/>\n<meta property=\"og:type\" content=\"article\" \/>\n<meta property=\"og:title\" content=\"Violoncel - Helena Gin\u00e8s i Bataller\" \/>\n<meta property=\"og:description\" content=\"Beethoven, L. van Sonata n\u00fam. 1 en fa major, op. 5 n\u00fam. 1 Beethoven, L. van Sonata n\u00fam. 2 en sol menor, op. 5 n\u00fam. 2 Beethoven, L. van Sonata n\u00fam. 3 eLlegiu m\u00e9s\" \/>\n<meta property=\"og:url\" content=\"https:\/\/helenagines.com\/index.php\/violoncel\/\" \/>\n<meta property=\"og:site_name\" content=\"Helena Gin\u00e8s i Bataller\" \/>\n<meta property=\"article:modified_time\" content=\"2021-12-07T22:31:21+00:00\" \/>\n<meta name=\"twitter:card\" content=\"summary_large_image\" \/>\n<meta name=\"twitter:label1\" content=\"Temps estimat de lectura\" \/>\n\t<meta name=\"twitter:data1\" content=\"2 minuts\" \/>\n<script type=\"application\/ld+json\" class=\"yoast-schema-graph\">{\"@context\":\"https:\/\/schema.org\",\"@graph\":[{\"@type\":\"WebPage\",\"@id\":\"https:\/\/helenagines.com\/index.php\/violoncel\/\",\"url\":\"https:\/\/helenagines.com\/index.php\/violoncel\/\",\"name\":\"Violoncel - Helena Gin\u00e8s i Bataller\",\"isPartOf\":{\"@id\":\"https:\/\/helenagines.com\/#website\"},\"datePublished\":\"2021-12-06T16:54:33+00:00\",\"dateModified\":\"2021-12-07T22:31:21+00:00\",\"breadcrumb\":{\"@id\":\"https:\/\/helenagines.com\/index.php\/violoncel\/#breadcrumb\"},\"inLanguage\":\"ca\",\"potentialAction\":[{\"@type\":\"ReadAction\",\"target\":[\"https:\/\/helenagines.com\/index.php\/violoncel\/\"]}]},{\"@type\":\"BreadcrumbList\",\"@id\":\"https:\/\/helenagines.com\/index.php\/violoncel\/#breadcrumb\",\"itemListElement\":[{\"@type\":\"ListItem\",\"position\":1,\"name\":\"Inici\",\"item\":\"https:\/\/helenagines.com\/\"},{\"@type\":\"ListItem\",\"position\":2,\"name\":\"Violoncel\"}]},{\"@type\":\"WebSite\",\"@id\":\"https:\/\/helenagines.com\/#website\",\"url\":\"https:\/\/helenagines.com\/\",\"name\":\"Helena Gin\u00e8s i Bataller\",\"description\":\"Pianista repertorista\",\"potentialAction\":[{\"@type\":\"SearchAction\",\"target\":{\"@type\":\"EntryPoint\",\"urlTemplate\":\"https:\/\/helenagines.com\/?s={search_term_string}\"},\"query-input\":{\"@type\":\"PropertyValueSpecification\",\"valueRequired\":true,\"valueName\":\"search_term_string\"}}],\"inLanguage\":\"ca\"}]}<\/script>\n<!-- \/ Yoast SEO plugin. -->","yoast_head_json":{"title":"Violoncel - Helena Gin\u00e8s i Bataller","robots":{"index":"index","follow":"follow","max-snippet":"max-snippet:-1","max-image-preview":"max-image-preview:large","max-video-preview":"max-video-preview:-1"},"canonical":"https:\/\/helenagines.com\/index.php\/violoncel\/","og_locale":"ca_ES","og_type":"article","og_title":"Violoncel - Helena Gin\u00e8s i Bataller","og_description":"Beethoven, L. van Sonata n\u00fam. 1 en fa major, op. 5 n\u00fam. 1 Beethoven, L. van Sonata n\u00fam. 2 en sol menor, op. 5 n\u00fam. 2 Beethoven, L. van Sonata n\u00fam. 3 eLlegiu m\u00e9s","og_url":"https:\/\/helenagines.com\/index.php\/violoncel\/","og_site_name":"Helena Gin\u00e8s i Bataller","article_modified_time":"2021-12-07T22:31:21+00:00","twitter_card":"summary_large_image","twitter_misc":{"Temps estimat de lectura":"2 minuts"},"schema":{"@context":"https:\/\/schema.org","@graph":[{"@type":"WebPage","@id":"https:\/\/helenagines.com\/index.php\/violoncel\/","url":"https:\/\/helenagines.com\/index.php\/violoncel\/","name":"Violoncel - Helena Gin\u00e8s i Bataller","isPartOf":{"@id":"https:\/\/helenagines.com\/#website"},"datePublished":"2021-12-06T16:54:33+00:00","dateModified":"2021-12-07T22:31:21+00:00","breadcrumb":{"@id":"https:\/\/helenagines.com\/index.php\/violoncel\/#breadcrumb"},"inLanguage":"ca","potentialAction":[{"@type":"ReadAction","target":["https:\/\/helenagines.com\/index.php\/violoncel\/"]}]},{"@type":"BreadcrumbList","@id":"https:\/\/helenagines.com\/index.php\/violoncel\/#breadcrumb","itemListElement":[{"@type":"ListItem","position":1,"name":"Inici","item":"https:\/\/helenagines.com\/"},{"@type":"ListItem","position":2,"name":"Violoncel"}]},{"@type":"WebSite","@id":"https:\/\/helenagines.com\/#website","url":"https:\/\/helenagines.com\/","name":"Helena Gin\u00e8s i Bataller","description":"Pianista repertorista","potentialAction":[{"@type":"SearchAction","target":{"@type":"EntryPoint","urlTemplate":"https:\/\/helenagines.com\/?s={search_term_string}"},"query-input":{"@type":"PropertyValueSpecification","valueRequired":true,"valueName":"search_term_string"}}],"inLanguage":"ca"}]}},"_links":{"self":[{"href":"https:\/\/helenagines.com\/index.php\/wp-json\/wp\/v2\/pages\/117","targetHints":{"allow":["GET"]}}],"collection":[{"href":"https:\/\/helenagines.com\/index.php\/wp-json\/wp\/v2\/pages"}],"about":[{"href":"https:\/\/helenagines.com\/index.php\/wp-json\/wp\/v2\/types\/page"}],"author":[{"embeddable":true,"href":"https:\/\/helenagines.com\/index.php\/wp-json\/wp\/v2\/users\/1"}],"replies":[{"embeddable":true,"href":"https:\/\/helenagines.com\/index.php\/wp-json\/wp\/v2\/comments?post=117"}],"version-history":[{"count":2,"href":"https:\/\/helenagines.com\/index.php\/wp-json\/wp\/v2\/pages\/117\/revisions"}],"predecessor-version":[{"id":235,"href":"https:\/\/helenagines.com\/index.php\/wp-json\/wp\/v2\/pages\/117\/revisions\/235"}],"wp:attachment":[{"href":"https:\/\/helenagines.com\/index.php\/wp-json\/wp\/v2\/media?parent=117"}],"curies":[{"name":"wp","href":"https:\/\/api.w.org\/{rel}","templated":true}]}}