{"id":122,"date":"2021-12-06T17:54:33","date_gmt":"2021-12-06T16:54:33","guid":{"rendered":"https:\/\/helenagines.com\/?page_id=122"},"modified":"2025-04-29T09:45:46","modified_gmt":"2025-04-29T07:45:46","slug":"oboe","status":"publish","type":"page","link":"https:\/\/helenagines.com\/index.php\/oboe\/","title":{"rendered":"Obo\u00e8"},"content":{"rendered":"\n<p>Albinoni, T. <em>Concert en re menor, op.<\/em> 9 n\u00fam. 2<\/p>\n\n\n\n<p>Andriessen, H. <em>Balada<\/em><\/p>\n\n\n\n<p>Bach, C. Ph. E. <em>Sonata en sol menor<\/em><\/p>\n\n\n\n<p>Bozza, E. <em>Fantasia pastoral, <\/em><em>op.<\/em> 37<\/p>\n\n\n\n<p>Britten, B. <em>Temporal Variations<\/em><\/p>\n\n\n\n<p>Cimarosa, D. <em>Concert en do menor<\/em><\/p>\n\n\n\n<p>Collin, Ch. <em>Solo de concurs n\u00fam. 1, <\/em><em>op. <\/em>33<\/p>\n\n\n\n<p>Collin, Ch. <em>Solo de concurs n\u00fam. 7<\/em><\/p>\n\n\n\n<p>Donizetti, G. <em>Sonata en fa major<\/em><\/p>\n\n\n\n<p>Dukas, P. <em>Alla gitana<\/em><\/p>\n\n\n\n<p>Geminiani, F. <em>Sonata en mi menor<\/em><\/p>\n\n\n\n<p>Grieg, E. <em>Quatre peces<\/em><\/p>\n\n\n\n<p>Grovlez, G. <em>Sarabande et Allegro<\/em><\/p>\n\n\n\n<p>H\u00e4ndel, G. F. <em>Concert en sol menor<\/em><\/p>\n\n\n\n<p>H\u00e4ndel, G. F. <em>Sonata en do menor, op.<\/em> 1 n\u00fam. 8<\/p>\n\n\n\n<p>H\u00e4ndel, G. F. <em>Sonata en fa major, op. <\/em>1 n\u00fam. 5<\/p>\n\n\n\n<p>Haydn, F. J. <em>Concert en do major<\/em>, Hob VIIg:C1<\/p>\n\n\n\n<p>Hindemith, P. <em>Sonata<\/em><\/p>\n\n\n\n<p>Jacob, G. <em>Sonata<\/em><\/p>\n\n\n\n<p>Kalliwoda, J. W. <em>Morceau de Salon, op.<\/em> 228<\/p>\n\n\n\n<p>Kelly, F. S. <em>S<\/em><em>erenade op. 7<\/em> (original flauta) (V. Jig)<\/p>\n\n\n\n<p>Klughard, A. F. M. <em>Concertino en fa major, op.<\/em> 18<\/p>\n\n\n\n<p>Labate, B. <em>Zephyrs<\/em><\/p>\n\n\n\n<p>Leclair, J. M. <em>Concert en do major, op.<\/em> 7 n\u00fam. 3<\/p>\n\n\n\n<p>Loeillet, J. B. <em>Sonata en do major<\/em><\/p>\n\n\n\n<p>Marcello, B. \/ Bonelli, E. <em>Concert en do menor<\/em><\/p>\n\n\n\n<p>Milhaud, D. <em>Sonatina<\/em> (nom\u00e9s estudiada)<\/p>\n\n\n\n<p>Mozart, W. A. <em>Concert en do major<\/em>, KV 314<\/p>\n\n\n\n<p>Mozart, W. A. <em>Quintet en fa major<\/em>, KV 370<\/p>\n\n\n\n<p>Nielsen, C. <em>Peces de fantasia, op<\/em>. 2<\/p>\n\n\n\n<p>Paladilhe, E. <em>Solo per a obo\u00e8<\/em><\/p>\n\n\n\n<p>Piern\u00e9, G. <em>Pi\u00e8ce en sol menor<\/em><\/p>\n\n\n\n<p>Poulenc, F. <em>Sonata<\/em><\/p>\n\n\n\n<p>Ravel, M. <em>Pe\u00e7a en forma d&#8217;havanera<\/em><\/p>\n\n\n\n<p>Saint-Sa\u00ebns, C. <em>Sonata en re major, op.<\/em> 166<\/p>\n\n\n\n<p>Schumann, R. <em>Adagio i Allegro, op. <\/em>70<\/p>\n\n\n\n<p>Schumann, R. <em>Romances op.<\/em> 94<\/p>\n\n\n\n<p>Strauss, R. <em>Concert en re major<\/em> (dos moviments)<\/p>\n\n\n\n<p>Vaughan Williams, R. <em>Concert<\/em> (primer moviment)<\/p>\n\n\n\n<p>Vivaldi, A. <em>Sonata en do menor<\/em>, RV 52<\/p>\n\n\n\n<p>Widerkehr, J.C.M. <em>Duo Sonata<\/em><\/p>\n\n\n\n<p><\/p>\n\n\n\n<p><\/p>\n\n\n\n<p><\/p>\n\n\n\n<p><\/p>\n\n\n\n<p><\/p>\n\n\n\n<p><\/p>\n\n\n\n<p><\/p>\n\n\n\n<p><\/p>\n\n\n\n<p><\/p>\n\n\n\n<p><\/p>\n\n\n\n<p><\/p>\n\n\n\n<p><\/p>\n\n\n\n<p><\/p>\n\n\n\n<p><\/p>\n\n\n\n<p><\/p>\n\n\n\n<p><\/p>\n\n\n\n<p><\/p>\n\n\n\n<p><\/p>\n\n\n\n<p><\/p>\n\n\n\n<p><\/p>\n\n\n\n<p><\/p>\n\n\n\n<p><\/p>\n\n\n\n<p><\/p>\n\n\n\n<p><\/p>\n\n\n\n<p><\/p>\n\n\n\n<p><\/p>\n\n\n\n<p><\/p>\n\n\n\n<p><\/p>\n\n\n\n<p><\/p>\n\n\n\n<p><\/p>\n\n\n\n<p><\/p>\n\n\n\n<p><\/p>\n\n\n\n<p><\/p>\n\n\n\n<p><\/p>\n\n\n\n<p><\/p>\n\n\n\n<p><\/p>\n\n\n\n<p><\/p>\n\n\n\n<p><\/p>\n\n\n\n<p><\/p>\n","protected":false},"excerpt":{"rendered":"<div class=\"slide-text-bg2\"><span>Albinoni, T. Concert en re menor, op. 9 n\u00fam. 2 Andriessen, H. Balada Bach, C. Ph. E. Sonata en sol menor Bozza, E. Fantasia pastoral, op. 37 Britten, B. T<\/span><\/div>\n<div class=\"slide-btn-area-sm\"><a href=\"https:\/\/helenagines.com\/index.php\/oboe\/\" class=\"slide-btn-sm\">Llegiu m\u00e9s<\/a><\/div>\n","protected":false},"author":1,"featured_media":0,"parent":0,"menu_order":0,"comment_status":"closed","ping_status":"closed","template":"","meta":{"footnotes":""},"class_list":["post-122","page","type-page","status-publish","hentry"],"yoast_head":"<!-- This site is optimized with the Yoast SEO plugin v24.3 - https:\/\/yoast.com\/wordpress\/plugins\/seo\/ -->\n<title>Obo\u00e8 - Helena Gin\u00e8s i Bataller<\/title>\n<meta name=\"robots\" content=\"index, follow, max-snippet:-1, max-image-preview:large, max-video-preview:-1\" \/>\n<link rel=\"canonical\" href=\"https:\/\/helenagines.com\/index.php\/oboe\/\" \/>\n<meta property=\"og:locale\" content=\"ca_ES\" \/>\n<meta property=\"og:type\" content=\"article\" \/>\n<meta property=\"og:title\" content=\"Obo\u00e8 - Helena Gin\u00e8s i Bataller\" \/>\n<meta property=\"og:description\" content=\"Albinoni, T. Concert en re menor, op. 9 n\u00fam. 2 Andriessen, H. Balada Bach, C. Ph. E. Sonata en sol menor Bozza, E. Fantasia pastoral, op. 37 Britten, B. TLlegiu m\u00e9s\" \/>\n<meta property=\"og:url\" content=\"https:\/\/helenagines.com\/index.php\/oboe\/\" \/>\n<meta property=\"og:site_name\" content=\"Helena Gin\u00e8s i Bataller\" \/>\n<meta property=\"article:modified_time\" content=\"2025-04-29T07:45:46+00:00\" \/>\n<meta name=\"twitter:card\" content=\"summary_large_image\" \/>\n<meta name=\"twitter:label1\" content=\"Temps estimat de lectura\" \/>\n\t<meta name=\"twitter:data1\" content=\"2 minuts\" \/>\n<script type=\"application\/ld+json\" class=\"yoast-schema-graph\">{\"@context\":\"https:\/\/schema.org\",\"@graph\":[{\"@type\":\"WebPage\",\"@id\":\"https:\/\/helenagines.com\/index.php\/oboe\/\",\"url\":\"https:\/\/helenagines.com\/index.php\/oboe\/\",\"name\":\"Obo\u00e8 - Helena Gin\u00e8s i Bataller\",\"isPartOf\":{\"@id\":\"https:\/\/helenagines.com\/#website\"},\"datePublished\":\"2021-12-06T16:54:33+00:00\",\"dateModified\":\"2025-04-29T07:45:46+00:00\",\"breadcrumb\":{\"@id\":\"https:\/\/helenagines.com\/index.php\/oboe\/#breadcrumb\"},\"inLanguage\":\"ca\",\"potentialAction\":[{\"@type\":\"ReadAction\",\"target\":[\"https:\/\/helenagines.com\/index.php\/oboe\/\"]}]},{\"@type\":\"BreadcrumbList\",\"@id\":\"https:\/\/helenagines.com\/index.php\/oboe\/#breadcrumb\",\"itemListElement\":[{\"@type\":\"ListItem\",\"position\":1,\"name\":\"Inici\",\"item\":\"https:\/\/helenagines.com\/\"},{\"@type\":\"ListItem\",\"position\":2,\"name\":\"Obo\u00e8\"}]},{\"@type\":\"WebSite\",\"@id\":\"https:\/\/helenagines.com\/#website\",\"url\":\"https:\/\/helenagines.com\/\",\"name\":\"Helena Gin\u00e8s i Bataller\",\"description\":\"Pianista repertorista\",\"potentialAction\":[{\"@type\":\"SearchAction\",\"target\":{\"@type\":\"EntryPoint\",\"urlTemplate\":\"https:\/\/helenagines.com\/?s={search_term_string}\"},\"query-input\":{\"@type\":\"PropertyValueSpecification\",\"valueRequired\":true,\"valueName\":\"search_term_string\"}}],\"inLanguage\":\"ca\"}]}<\/script>\n<!-- \/ Yoast SEO plugin. -->","yoast_head_json":{"title":"Obo\u00e8 - Helena Gin\u00e8s i Bataller","robots":{"index":"index","follow":"follow","max-snippet":"max-snippet:-1","max-image-preview":"max-image-preview:large","max-video-preview":"max-video-preview:-1"},"canonical":"https:\/\/helenagines.com\/index.php\/oboe\/","og_locale":"ca_ES","og_type":"article","og_title":"Obo\u00e8 - Helena Gin\u00e8s i Bataller","og_description":"Albinoni, T. Concert en re menor, op. 9 n\u00fam. 2 Andriessen, H. Balada Bach, C. Ph. E. Sonata en sol menor Bozza, E. Fantasia pastoral, op. 37 Britten, B. TLlegiu m\u00e9s","og_url":"https:\/\/helenagines.com\/index.php\/oboe\/","og_site_name":"Helena Gin\u00e8s i Bataller","article_modified_time":"2025-04-29T07:45:46+00:00","twitter_card":"summary_large_image","twitter_misc":{"Temps estimat de lectura":"2 minuts"},"schema":{"@context":"https:\/\/schema.org","@graph":[{"@type":"WebPage","@id":"https:\/\/helenagines.com\/index.php\/oboe\/","url":"https:\/\/helenagines.com\/index.php\/oboe\/","name":"Obo\u00e8 - Helena Gin\u00e8s i Bataller","isPartOf":{"@id":"https:\/\/helenagines.com\/#website"},"datePublished":"2021-12-06T16:54:33+00:00","dateModified":"2025-04-29T07:45:46+00:00","breadcrumb":{"@id":"https:\/\/helenagines.com\/index.php\/oboe\/#breadcrumb"},"inLanguage":"ca","potentialAction":[{"@type":"ReadAction","target":["https:\/\/helenagines.com\/index.php\/oboe\/"]}]},{"@type":"BreadcrumbList","@id":"https:\/\/helenagines.com\/index.php\/oboe\/#breadcrumb","itemListElement":[{"@type":"ListItem","position":1,"name":"Inici","item":"https:\/\/helenagines.com\/"},{"@type":"ListItem","position":2,"name":"Obo\u00e8"}]},{"@type":"WebSite","@id":"https:\/\/helenagines.com\/#website","url":"https:\/\/helenagines.com\/","name":"Helena Gin\u00e8s i Bataller","description":"Pianista repertorista","potentialAction":[{"@type":"SearchAction","target":{"@type":"EntryPoint","urlTemplate":"https:\/\/helenagines.com\/?s={search_term_string}"},"query-input":{"@type":"PropertyValueSpecification","valueRequired":true,"valueName":"search_term_string"}}],"inLanguage":"ca"}]}},"_links":{"self":[{"href":"https:\/\/helenagines.com\/index.php\/wp-json\/wp\/v2\/pages\/122","targetHints":{"allow":["GET"]}}],"collection":[{"href":"https:\/\/helenagines.com\/index.php\/wp-json\/wp\/v2\/pages"}],"about":[{"href":"https:\/\/helenagines.com\/index.php\/wp-json\/wp\/v2\/types\/page"}],"author":[{"embeddable":true,"href":"https:\/\/helenagines.com\/index.php\/wp-json\/wp\/v2\/users\/1"}],"replies":[{"embeddable":true,"href":"https:\/\/helenagines.com\/index.php\/wp-json\/wp\/v2\/comments?post=122"}],"version-history":[{"count":5,"href":"https:\/\/helenagines.com\/index.php\/wp-json\/wp\/v2\/pages\/122\/revisions"}],"predecessor-version":[{"id":468,"href":"https:\/\/helenagines.com\/index.php\/wp-json\/wp\/v2\/pages\/122\/revisions\/468"}],"wp:attachment":[{"href":"https:\/\/helenagines.com\/index.php\/wp-json\/wp\/v2\/media?parent=122"}],"curies":[{"name":"wp","href":"https:\/\/api.w.org\/{rel}","templated":true}]}}