{"id":124,"date":"2021-12-06T17:54:33","date_gmt":"2021-12-06T16:54:33","guid":{"rendered":"https:\/\/helenagines.com\/?page_id=124"},"modified":"2021-12-07T23:59:23","modified_gmt":"2021-12-07T22:59:23","slug":"fagot","status":"publish","type":"page","link":"https:\/\/helenagines.com\/index.php\/fagot\/","title":{"rendered":"Fagot"},"content":{"rendered":"\n<p>Alb\u00e8niz, I. <em>Tango<\/em> (Espa\u00f1a op. 165)<\/p>\n\n\n\n<p>Amon, J. A. <em>Sonata en fa major, op.<\/em> 88<\/p>\n\n\n\n<p>Besozzi, J. <em>Sonata en si b major<\/em><\/p>\n\n\n\n<p>Bozza, E. <em>R\u00e9cit, sicilienne et rondo<\/em><\/p>\n\n\n\n<p>Correte, M. <em>Sonata I en fa major<\/em><\/p>\n\n\n\n<p>Correte, M. <em>Sonata II en re menor<\/em><\/p>\n\n\n\n<p>Debussy, C. <em>Sarabande<\/em><\/p>\n\n\n\n<p>Elgar, E. <em>Roman\u00e7a op.<\/em> 62<\/p>\n\n\n\n<p>Gli\u00e8re, R. <em>Impromptu, op.<\/em> 35 n\u00fam. 9<\/p>\n\n\n\n<p>Glinka, M. <em>Sonata en sol menor<\/em><\/p>\n\n\n\n<p>Haydn, M. <em>Concertino en si b major<\/em><\/p>\n\n\n\n<p>Hess, W. <em>Reigen<\/em><\/p>\n\n\n\n<p>Hindemith, P. <em>Sonata<\/em><\/p>\n\n\n\n<p>Hummel, J. N. <em>Concert en fa major<\/em><\/p>\n\n\n\n<p>Hurlstone, W. <em>Sonata en fa major<\/em><\/p>\n\n\n\n<p>Longo, A. <em>Suite op.<\/em> 69<\/p>\n\n\n\n<p>Milde, L. <em>Andante i Rond\u00f3 op.<\/em> 25<\/p>\n\n\n\n<p>Milde, L. <em>Concertino en la menor<\/em><\/p>\n\n\n\n<p>Milde, L. <em>Tres estudis<\/em><\/p>\n\n\n\n<p>Mozart, W. A. <em>Concert en si b major<\/em>, KV 191<\/p>\n\n\n\n<p>Piern\u00e9, G. <em>Solo de concert op.<\/em> 35<\/p>\n\n\n\n<p>Rossini, G. <em>Concert<\/em><\/p>\n\n\n\n<p>Rota, N. <em>Concert<\/em><\/p>\n\n\n\n<p>Saint-Sa\u00ebns, C. <em>Roman\u00e7a en re major, op.<\/em> 51<\/p>\n\n\n\n<p>Saint-Sa\u00ebns, C. <em>Sonata en sol major, op. <\/em>168<\/p>\n\n\n\n<p>Stamitz, C. <em>Concert en fa major<\/em> <\/p>\n\n\n\n<p>Stolte, S. <em>Spielmusik<\/em><\/p>\n\n\n\n<p>Telemann, G. Ph. <em>Sonata en fa menor<\/em><\/p>\n\n\n\n<p>Vanhal, J. B. <em>Concert en do major<\/em><\/p>\n\n\n\n<p>Vaughan Williams, R. <em>Six Studies in English Folk-Song<\/em><\/p>\n\n\n\n<p>Vivaldi, A. Concerts diversos<\/p>\n\n\n\n<p>Weber, C. M. von <em>Concert en fa major, op.<\/em> 75<\/p>\n\n\n\n<p>Weber, C. M. von A<em>ndante i Rond\u00f3 hongar\u00e8s, op.<\/em> 35<\/p>\n","protected":false},"excerpt":{"rendered":"<div class=\"slide-text-bg2\"><span>Alb\u00e8niz, I. Tango (Espa\u00f1a op. 165) Amon, J. A. Sonata en fa major, op. 88 Besozzi, J. Sonata en si b major Bozza, E. R\u00e9cit, sicilienne et rondo Correte,<\/span><\/div>\n<div class=\"slide-btn-area-sm\"><a href=\"https:\/\/helenagines.com\/index.php\/fagot\/\" class=\"slide-btn-sm\">Llegiu m\u00e9s<\/a><\/div>\n","protected":false},"author":1,"featured_media":0,"parent":0,"menu_order":0,"comment_status":"closed","ping_status":"closed","template":"","meta":{"footnotes":""},"class_list":["post-124","page","type-page","status-publish","hentry"],"yoast_head":"<!-- This site is optimized with the Yoast SEO plugin v24.3 - https:\/\/yoast.com\/wordpress\/plugins\/seo\/ -->\n<title>Fagot - Helena Gin\u00e8s i Bataller<\/title>\n<meta name=\"robots\" content=\"index, follow, max-snippet:-1, max-image-preview:large, max-video-preview:-1\" \/>\n<link rel=\"canonical\" href=\"https:\/\/helenagines.com\/index.php\/fagot\/\" \/>\n<meta property=\"og:locale\" content=\"ca_ES\" \/>\n<meta property=\"og:type\" content=\"article\" \/>\n<meta property=\"og:title\" content=\"Fagot - Helena Gin\u00e8s i Bataller\" \/>\n<meta property=\"og:description\" content=\"Alb\u00e8niz, I. Tango (Espa\u00f1a op. 165) Amon, J. A. Sonata en fa major, op. 88 Besozzi, J. Sonata en si b major Bozza, E. R\u00e9cit, sicilienne et rondo Correte,Llegiu m\u00e9s\" \/>\n<meta property=\"og:url\" content=\"https:\/\/helenagines.com\/index.php\/fagot\/\" \/>\n<meta property=\"og:site_name\" content=\"Helena Gin\u00e8s i Bataller\" \/>\n<meta property=\"article:modified_time\" content=\"2021-12-07T22:59:23+00:00\" \/>\n<meta name=\"twitter:card\" content=\"summary_large_image\" \/>\n<meta name=\"twitter:label1\" content=\"Temps estimat de lectura\" \/>\n\t<meta name=\"twitter:data1\" content=\"1 minut\" \/>\n<script type=\"application\/ld+json\" class=\"yoast-schema-graph\">{\"@context\":\"https:\/\/schema.org\",\"@graph\":[{\"@type\":\"WebPage\",\"@id\":\"https:\/\/helenagines.com\/index.php\/fagot\/\",\"url\":\"https:\/\/helenagines.com\/index.php\/fagot\/\",\"name\":\"Fagot - Helena Gin\u00e8s i Bataller\",\"isPartOf\":{\"@id\":\"https:\/\/helenagines.com\/#website\"},\"datePublished\":\"2021-12-06T16:54:33+00:00\",\"dateModified\":\"2021-12-07T22:59:23+00:00\",\"breadcrumb\":{\"@id\":\"https:\/\/helenagines.com\/index.php\/fagot\/#breadcrumb\"},\"inLanguage\":\"ca\",\"potentialAction\":[{\"@type\":\"ReadAction\",\"target\":[\"https:\/\/helenagines.com\/index.php\/fagot\/\"]}]},{\"@type\":\"BreadcrumbList\",\"@id\":\"https:\/\/helenagines.com\/index.php\/fagot\/#breadcrumb\",\"itemListElement\":[{\"@type\":\"ListItem\",\"position\":1,\"name\":\"Inici\",\"item\":\"https:\/\/helenagines.com\/\"},{\"@type\":\"ListItem\",\"position\":2,\"name\":\"Fagot\"}]},{\"@type\":\"WebSite\",\"@id\":\"https:\/\/helenagines.com\/#website\",\"url\":\"https:\/\/helenagines.com\/\",\"name\":\"Helena Gin\u00e8s i Bataller\",\"description\":\"Pianista repertorista\",\"potentialAction\":[{\"@type\":\"SearchAction\",\"target\":{\"@type\":\"EntryPoint\",\"urlTemplate\":\"https:\/\/helenagines.com\/?s={search_term_string}\"},\"query-input\":{\"@type\":\"PropertyValueSpecification\",\"valueRequired\":true,\"valueName\":\"search_term_string\"}}],\"inLanguage\":\"ca\"}]}<\/script>\n<!-- \/ Yoast SEO plugin. -->","yoast_head_json":{"title":"Fagot - Helena Gin\u00e8s i Bataller","robots":{"index":"index","follow":"follow","max-snippet":"max-snippet:-1","max-image-preview":"max-image-preview:large","max-video-preview":"max-video-preview:-1"},"canonical":"https:\/\/helenagines.com\/index.php\/fagot\/","og_locale":"ca_ES","og_type":"article","og_title":"Fagot - Helena Gin\u00e8s i Bataller","og_description":"Alb\u00e8niz, I. Tango (Espa\u00f1a op. 165) Amon, J. A. Sonata en fa major, op. 88 Besozzi, J. Sonata en si b major Bozza, E. R\u00e9cit, sicilienne et rondo Correte,Llegiu m\u00e9s","og_url":"https:\/\/helenagines.com\/index.php\/fagot\/","og_site_name":"Helena Gin\u00e8s i Bataller","article_modified_time":"2021-12-07T22:59:23+00:00","twitter_card":"summary_large_image","twitter_misc":{"Temps estimat de lectura":"1 minut"},"schema":{"@context":"https:\/\/schema.org","@graph":[{"@type":"WebPage","@id":"https:\/\/helenagines.com\/index.php\/fagot\/","url":"https:\/\/helenagines.com\/index.php\/fagot\/","name":"Fagot - Helena Gin\u00e8s i Bataller","isPartOf":{"@id":"https:\/\/helenagines.com\/#website"},"datePublished":"2021-12-06T16:54:33+00:00","dateModified":"2021-12-07T22:59:23+00:00","breadcrumb":{"@id":"https:\/\/helenagines.com\/index.php\/fagot\/#breadcrumb"},"inLanguage":"ca","potentialAction":[{"@type":"ReadAction","target":["https:\/\/helenagines.com\/index.php\/fagot\/"]}]},{"@type":"BreadcrumbList","@id":"https:\/\/helenagines.com\/index.php\/fagot\/#breadcrumb","itemListElement":[{"@type":"ListItem","position":1,"name":"Inici","item":"https:\/\/helenagines.com\/"},{"@type":"ListItem","position":2,"name":"Fagot"}]},{"@type":"WebSite","@id":"https:\/\/helenagines.com\/#website","url":"https:\/\/helenagines.com\/","name":"Helena Gin\u00e8s i Bataller","description":"Pianista repertorista","potentialAction":[{"@type":"SearchAction","target":{"@type":"EntryPoint","urlTemplate":"https:\/\/helenagines.com\/?s={search_term_string}"},"query-input":{"@type":"PropertyValueSpecification","valueRequired":true,"valueName":"search_term_string"}}],"inLanguage":"ca"}]}},"_links":{"self":[{"href":"https:\/\/helenagines.com\/index.php\/wp-json\/wp\/v2\/pages\/124","targetHints":{"allow":["GET"]}}],"collection":[{"href":"https:\/\/helenagines.com\/index.php\/wp-json\/wp\/v2\/pages"}],"about":[{"href":"https:\/\/helenagines.com\/index.php\/wp-json\/wp\/v2\/types\/page"}],"author":[{"embeddable":true,"href":"https:\/\/helenagines.com\/index.php\/wp-json\/wp\/v2\/users\/1"}],"replies":[{"embeddable":true,"href":"https:\/\/helenagines.com\/index.php\/wp-json\/wp\/v2\/comments?post=124"}],"version-history":[{"count":4,"href":"https:\/\/helenagines.com\/index.php\/wp-json\/wp\/v2\/pages\/124\/revisions"}],"predecessor-version":[{"id":246,"href":"https:\/\/helenagines.com\/index.php\/wp-json\/wp\/v2\/pages\/124\/revisions\/246"}],"wp:attachment":[{"href":"https:\/\/helenagines.com\/index.php\/wp-json\/wp\/v2\/media?parent=124"}],"curies":[{"name":"wp","href":"https:\/\/api.w.org\/{rel}","templated":true}]}}